{"id":2333,"date":"2022-11-14T21:19:47","date_gmt":"2022-11-14T21:19:47","guid":{"rendered":"https:\/\/jardindelasalmas.com\/web\/?page_id=2333"},"modified":"2023-01-13T22:10:25","modified_gmt":"2023-01-13T22:10:25","slug":"daniel-schulman-acerca-de-mi","status":"publish","type":"page","link":"https:\/\/jardindelasalmas.com\/web\/daniel-schulman-acerca-de-mi\/","title":{"rendered":"Acerca de m\u00ed"},"content":{"rendered":"\t\t<div data-elementor-type=\"wp-page\" data-elementor-id=\"2333\" class=\"elementor elementor-2333\">\n\t\t\t\t\t\t<section class=\"elementor-section elementor-top-section elementor-element elementor-element-2a2f55b8 elementor-section-boxed elementor-section-height-default elementor-section-height-default\" data-id=\"2a2f55b8\" data-element_type=\"section\" data-e-type=\"section\">\n\t\t\t\t\t\t<div class=\"elementor-container elementor-column-gap-default\">\n\t\t\t\t\t<div class=\"elementor-column elementor-col-100 elementor-top-column elementor-element elementor-element-24bef51a\" data-id=\"24bef51a\" data-element_type=\"column\" data-e-type=\"column\">\n\t\t\t<div class=\"elementor-widget-wrap elementor-element-populated\">\n\t\t\t\t\t\t<div class=\"elementor-element elementor-element-6fd6a349 elementor-widget elementor-widget-text-editor\" data-id=\"6fd6a349\" data-element_type=\"widget\" data-e-type=\"widget\" data-widget_type=\"text-editor.default\">\n\t\t\t\t<div class=\"elementor-widget-container\">\n\t\t\t\t\t\t\t\t\t<p><img fetchpriority=\"high\" decoding=\"async\" class=\"wp-image-2655 alignleft\" src=\"https:\/\/jardindelasalmas.com\/web\/wp-content\/uploads\/2022\/12\/Avatar-sin-fondo-742x1024.png\" alt=\"\" width=\"309\" height=\"427\" srcset=\"https:\/\/jardindelasalmas.com\/web\/wp-content\/uploads\/2022\/12\/Avatar-sin-fondo-742x1024.png 742w, https:\/\/jardindelasalmas.com\/web\/wp-content\/uploads\/2022\/12\/Avatar-sin-fondo-218x300.png 218w, https:\/\/jardindelasalmas.com\/web\/wp-content\/uploads\/2022\/12\/Avatar-sin-fondo-768x1059.png 768w, https:\/\/jardindelasalmas.com\/web\/wp-content\/uploads\/2022\/12\/Avatar-sin-fondo-1114x1536.png 1114w, https:\/\/jardindelasalmas.com\/web\/wp-content\/uploads\/2022\/12\/Avatar-sin-fondo-1485x2048.png 1485w, https:\/\/jardindelasalmas.com\/web\/wp-content\/uploads\/2022\/12\/Avatar-sin-fondo-470x648.png 470w\" sizes=\"(max-width: 309px) 100vw, 309px\" \/><\/p><p><strong>Soy Daniel Schulman y voy a ser vuestro Gu\u00eda en estas visitas.<\/strong><\/p><p>Desde hace varios a\u00f1os vengo recorriendo estos senderos, escuchando secretos asombrosos y disfrutando de los regalos maravillosos que ofrecen cada una de las plantas que aqu\u00ed crecen. Esto me ha permitido armar un mapa que nos permite recorrer los senderos sin extraviarnos y disfrutar de la profusi\u00f3n de aromas, \u00a0colores y sonidos que hay en cada rinc\u00f3n\u201d.<\/p>\t\t\t\t\t\t\t\t<\/div>\n\t\t\t\t<\/div>\n\t\t\t\t\t<\/div>\n\t\t<\/div>\n\t\t\t\t\t<\/div>\n\t\t<\/section>\n\t\t\t\t<\/div>\n\t\t","protected":false},"excerpt":{"rendered":"<p>Soy Daniel Schulman y voy a ser vuestro Gu\u00eda en estas visitas. Desde hace varios a\u00f1os vengo recorriendo estos senderos, escuchando secretos asombrosos y disfrutando de los regalos maravillosos que ofrecen cada una de las plantas que aqu\u00ed crecen. Esto me ha permitido armar un mapa que nos permite recorrer los senderos sin extraviarnos y [&hellip;]<\/p>\n","protected":false},"author":1,"featured_media":0,"parent":0,"menu_order":0,"comment_status":"closed","ping_status":"closed","template":"","meta":{"footnotes":""},"class_list":["post-2333","page","type-page","status-publish","hentry"],"yoast_head":"<!-- This site is optimized with the Yoast SEO plugin v27.4 - https:\/\/yoast.com\/product\/yoast-seo-wordpress\/ -->\n<title>Acerca de m\u00ed - Visita guiada al Jard\u00edn de las Almas<\/title>\n<meta name=\"robots\" content=\"index, follow, max-snippet:-1, max-image-preview:large, max-video-preview:-1\" \/>\n<link rel=\"canonical\" href=\"https:\/\/jardindelasalmas.com\/web\/daniel-schulman-acerca-de-mi\/\" \/>\n<meta property=\"og:locale\" content=\"es_ES\" \/>\n<meta property=\"og:type\" content=\"article\" \/>\n<meta property=\"og:title\" content=\"Acerca de m\u00ed - Visita guiada al Jard\u00edn de las Almas\" \/>\n<meta property=\"og:description\" content=\"Soy Daniel Schulman y voy a ser vuestro Gu\u00eda en estas visitas. Desde hace varios a\u00f1os vengo recorriendo estos senderos, escuchando secretos asombrosos y disfrutando de los regalos maravillosos que ofrecen cada una de las plantas que aqu\u00ed crecen. Esto me ha permitido armar un mapa que nos permite recorrer los senderos sin extraviarnos y [&hellip;]\" \/>\n<meta property=\"og:url\" content=\"https:\/\/jardindelasalmas.com\/web\/daniel-schulman-acerca-de-mi\/\" \/>\n<meta property=\"og:site_name\" content=\"Visita guiada al Jard\u00edn de las Almas\" \/>\n<meta property=\"article:publisher\" content=\"https:\/\/www.facebook.com\/profile.php?id=100090224005995\" \/>\n<meta property=\"article:modified_time\" content=\"2023-01-13T22:10:25+00:00\" \/>\n<meta property=\"og:image\" content=\"https:\/\/jardindelasalmas.com\/web\/wp-content\/uploads\/2022\/12\/Avatar-sin-fondo-742x1024.png\" \/>\n<meta name=\"twitter:card\" content=\"summary_large_image\" \/>\n<script type=\"application\/ld+json\" class=\"yoast-schema-graph\">{\"@context\":\"https:\\\/\\\/schema.org\",\"@graph\":[{\"@type\":\"WebPage\",\"@id\":\"https:\\\/\\\/jardindelasalmas.com\\\/web\\\/daniel-schulman-acerca-de-mi\\\/\",\"url\":\"https:\\\/\\\/jardindelasalmas.com\\\/web\\\/daniel-schulman-acerca-de-mi\\\/\",\"name\":\"Acerca de m\u00ed - Visita guiada al Jard\u00edn de las Almas\",\"isPartOf\":{\"@id\":\"https:\\\/\\\/jardindelasalmas.com\\\/web\\\/#website\"},\"primaryImageOfPage\":{\"@id\":\"https:\\\/\\\/jardindelasalmas.com\\\/web\\\/daniel-schulman-acerca-de-mi\\\/#primaryimage\"},\"image\":{\"@id\":\"https:\\\/\\\/jardindelasalmas.com\\\/web\\\/daniel-schulman-acerca-de-mi\\\/#primaryimage\"},\"thumbnailUrl\":\"https:\\\/\\\/jardindelasalmas.com\\\/web\\\/wp-content\\\/uploads\\\/2022\\\/12\\\/Avatar-sin-fondo-742x1024.png\",\"datePublished\":\"2022-11-14T21:19:47+00:00\",\"dateModified\":\"2023-01-13T22:10:25+00:00\",\"breadcrumb\":{\"@id\":\"https:\\\/\\\/jardindelasalmas.com\\\/web\\\/daniel-schulman-acerca-de-mi\\\/#breadcrumb\"},\"inLanguage\":\"es\",\"potentialAction\":[{\"@type\":\"ReadAction\",\"target\":[\"https:\\\/\\\/jardindelasalmas.com\\\/web\\\/daniel-schulman-acerca-de-mi\\\/\"]}]},{\"@type\":\"ImageObject\",\"inLanguage\":\"es\",\"@id\":\"https:\\\/\\\/jardindelasalmas.com\\\/web\\\/daniel-schulman-acerca-de-mi\\\/#primaryimage\",\"url\":\"https:\\\/\\\/jardindelasalmas.com\\\/web\\\/wp-content\\\/uploads\\\/2022\\\/12\\\/Avatar-sin-fondo.png\",\"contentUrl\":\"https:\\\/\\\/jardindelasalmas.com\\\/web\\\/wp-content\\\/uploads\\\/2022\\\/12\\\/Avatar-sin-fondo.png\",\"width\":2386,\"height\":3291},{\"@type\":\"BreadcrumbList\",\"@id\":\"https:\\\/\\\/jardindelasalmas.com\\\/web\\\/daniel-schulman-acerca-de-mi\\\/#breadcrumb\",\"itemListElement\":[{\"@type\":\"ListItem\",\"position\":1,\"name\":\"Portada\",\"item\":\"https:\\\/\\\/jardindelasalmas.com\\\/web\\\/\"},{\"@type\":\"ListItem\",\"position\":2,\"name\":\"Acerca de m\u00ed\"}]},{\"@type\":\"WebSite\",\"@id\":\"https:\\\/\\\/jardindelasalmas.com\\\/web\\\/#website\",\"url\":\"https:\\\/\\\/jardindelasalmas.com\\\/web\\\/\",\"name\":\"Visita guiada al Jard\u00edn de las Almas\",\"description\":\"podcast + cursos\",\"publisher\":{\"@id\":\"https:\\\/\\\/jardindelasalmas.com\\\/web\\\/#\\\/schema\\\/person\\\/082637eaa66432090856e2beebef5d5f\"},\"potentialAction\":[{\"@type\":\"SearchAction\",\"target\":{\"@type\":\"EntryPoint\",\"urlTemplate\":\"https:\\\/\\\/jardindelasalmas.com\\\/web\\\/?s={search_term_string}\"},\"query-input\":{\"@type\":\"PropertyValueSpecification\",\"valueRequired\":true,\"valueName\":\"search_term_string\"}}],\"inLanguage\":\"es\"},{\"@type\":[\"Person\",\"Organization\"],\"@id\":\"https:\\\/\\\/jardindelasalmas.com\\\/web\\\/#\\\/schema\\\/person\\\/082637eaa66432090856e2beebef5d5f\",\"name\":\"Daniel Schulman\",\"image\":{\"@type\":\"ImageObject\",\"inLanguage\":\"es\",\"@id\":\"https:\\\/\\\/jardindelasalmas.com\\\/web\\\/wp-content\\\/uploads\\\/2022\\\/11\\\/cropped-favicon_512px.jpg\",\"url\":\"https:\\\/\\\/jardindelasalmas.com\\\/web\\\/wp-content\\\/uploads\\\/2022\\\/11\\\/cropped-favicon_512px.jpg\",\"contentUrl\":\"https:\\\/\\\/jardindelasalmas.com\\\/web\\\/wp-content\\\/uploads\\\/2022\\\/11\\\/cropped-favicon_512px.jpg\",\"width\":512,\"height\":512,\"caption\":\"Daniel Schulman\"},\"logo\":{\"@id\":\"https:\\\/\\\/jardindelasalmas.com\\\/web\\\/wp-content\\\/uploads\\\/2022\\\/11\\\/cropped-favicon_512px.jpg\"},\"sameAs\":[\"https:\\\/\\\/jardindelasalmas.com\\\/\",\"https:\\\/\\\/www.facebook.com\\\/profile.php?id=100090224005995\",\"https:\\\/\\\/www.instagram.com\\\/jardindelasalmas\"]}]}<\/script>\n<!-- \/ Yoast SEO plugin. -->","yoast_head_json":{"title":"Acerca de m\u00ed - Visita guiada al Jard\u00edn de las Almas","robots":{"index":"index","follow":"follow","max-snippet":"max-snippet:-1","max-image-preview":"max-image-preview:large","max-video-preview":"max-video-preview:-1"},"canonical":"https:\/\/jardindelasalmas.com\/web\/daniel-schulman-acerca-de-mi\/","og_locale":"es_ES","og_type":"article","og_title":"Acerca de m\u00ed - Visita guiada al Jard\u00edn de las Almas","og_description":"Soy Daniel Schulman y voy a ser vuestro Gu\u00eda en estas visitas. Desde hace varios a\u00f1os vengo recorriendo estos senderos, escuchando secretos asombrosos y disfrutando de los regalos maravillosos que ofrecen cada una de las plantas que aqu\u00ed crecen. Esto me ha permitido armar un mapa que nos permite recorrer los senderos sin extraviarnos y [&hellip;]","og_url":"https:\/\/jardindelasalmas.com\/web\/daniel-schulman-acerca-de-mi\/","og_site_name":"Visita guiada al Jard\u00edn de las Almas","article_publisher":"https:\/\/www.facebook.com\/profile.php?id=100090224005995","article_modified_time":"2023-01-13T22:10:25+00:00","og_image":[{"url":"https:\/\/jardindelasalmas.com\/web\/wp-content\/uploads\/2022\/12\/Avatar-sin-fondo-742x1024.png","type":"","width":"","height":""}],"twitter_card":"summary_large_image","schema":{"@context":"https:\/\/schema.org","@graph":[{"@type":"WebPage","@id":"https:\/\/jardindelasalmas.com\/web\/daniel-schulman-acerca-de-mi\/","url":"https:\/\/jardindelasalmas.com\/web\/daniel-schulman-acerca-de-mi\/","name":"Acerca de m\u00ed - Visita guiada al Jard\u00edn de las Almas","isPartOf":{"@id":"https:\/\/jardindelasalmas.com\/web\/#website"},"primaryImageOfPage":{"@id":"https:\/\/jardindelasalmas.com\/web\/daniel-schulman-acerca-de-mi\/#primaryimage"},"image":{"@id":"https:\/\/jardindelasalmas.com\/web\/daniel-schulman-acerca-de-mi\/#primaryimage"},"thumbnailUrl":"https:\/\/jardindelasalmas.com\/web\/wp-content\/uploads\/2022\/12\/Avatar-sin-fondo-742x1024.png","datePublished":"2022-11-14T21:19:47+00:00","dateModified":"2023-01-13T22:10:25+00:00","breadcrumb":{"@id":"https:\/\/jardindelasalmas.com\/web\/daniel-schulman-acerca-de-mi\/#breadcrumb"},"inLanguage":"es","potentialAction":[{"@type":"ReadAction","target":["https:\/\/jardindelasalmas.com\/web\/daniel-schulman-acerca-de-mi\/"]}]},{"@type":"ImageObject","inLanguage":"es","@id":"https:\/\/jardindelasalmas.com\/web\/daniel-schulman-acerca-de-mi\/#primaryimage","url":"https:\/\/jardindelasalmas.com\/web\/wp-content\/uploads\/2022\/12\/Avatar-sin-fondo.png","contentUrl":"https:\/\/jardindelasalmas.com\/web\/wp-content\/uploads\/2022\/12\/Avatar-sin-fondo.png","width":2386,"height":3291},{"@type":"BreadcrumbList","@id":"https:\/\/jardindelasalmas.com\/web\/daniel-schulman-acerca-de-mi\/#breadcrumb","itemListElement":[{"@type":"ListItem","position":1,"name":"Portada","item":"https:\/\/jardindelasalmas.com\/web\/"},{"@type":"ListItem","position":2,"name":"Acerca de m\u00ed"}]},{"@type":"WebSite","@id":"https:\/\/jardindelasalmas.com\/web\/#website","url":"https:\/\/jardindelasalmas.com\/web\/","name":"Visita guiada al Jard\u00edn de las Almas","description":"podcast + cursos","publisher":{"@id":"https:\/\/jardindelasalmas.com\/web\/#\/schema\/person\/082637eaa66432090856e2beebef5d5f"},"potentialAction":[{"@type":"SearchAction","target":{"@type":"EntryPoint","urlTemplate":"https:\/\/jardindelasalmas.com\/web\/?s={search_term_string}"},"query-input":{"@type":"PropertyValueSpecification","valueRequired":true,"valueName":"search_term_string"}}],"inLanguage":"es"},{"@type":["Person","Organization"],"@id":"https:\/\/jardindelasalmas.com\/web\/#\/schema\/person\/082637eaa66432090856e2beebef5d5f","name":"Daniel Schulman","image":{"@type":"ImageObject","inLanguage":"es","@id":"https:\/\/jardindelasalmas.com\/web\/wp-content\/uploads\/2022\/11\/cropped-favicon_512px.jpg","url":"https:\/\/jardindelasalmas.com\/web\/wp-content\/uploads\/2022\/11\/cropped-favicon_512px.jpg","contentUrl":"https:\/\/jardindelasalmas.com\/web\/wp-content\/uploads\/2022\/11\/cropped-favicon_512px.jpg","width":512,"height":512,"caption":"Daniel Schulman"},"logo":{"@id":"https:\/\/jardindelasalmas.com\/web\/wp-content\/uploads\/2022\/11\/cropped-favicon_512px.jpg"},"sameAs":["https:\/\/jardindelasalmas.com\/","https:\/\/www.facebook.com\/profile.php?id=100090224005995","https:\/\/www.instagram.com\/jardindelasalmas"]}]}},"_links":{"self":[{"href":"https:\/\/jardindelasalmas.com\/web\/wp-json\/wp\/v2\/pages\/2333","targetHints":{"allow":["GET"]}}],"collection":[{"href":"https:\/\/jardindelasalmas.com\/web\/wp-json\/wp\/v2\/pages"}],"about":[{"href":"https:\/\/jardindelasalmas.com\/web\/wp-json\/wp\/v2\/types\/page"}],"author":[{"embeddable":true,"href":"https:\/\/jardindelasalmas.com\/web\/wp-json\/wp\/v2\/users\/1"}],"replies":[{"embeddable":true,"href":"https:\/\/jardindelasalmas.com\/web\/wp-json\/wp\/v2\/comments?post=2333"}],"version-history":[{"count":12,"href":"https:\/\/jardindelasalmas.com\/web\/wp-json\/wp\/v2\/pages\/2333\/revisions"}],"predecessor-version":[{"id":2801,"href":"https:\/\/jardindelasalmas.com\/web\/wp-json\/wp\/v2\/pages\/2333\/revisions\/2801"}],"wp:attachment":[{"href":"https:\/\/jardindelasalmas.com\/web\/wp-json\/wp\/v2\/media?parent=2333"}],"curies":[{"name":"wp","href":"https:\/\/api.w.org\/{rel}","templated":true}]}}